t i = h + 8. Calculate the remainder when 13 is divided by i.
3
Suppose 4*y - 422 = -70. What is the remainder when 37 is divided by (-4)/22 + 896/y?
7
Let n be (-2 - -3 - 1)/(-2). What is the remainder when (14/(-5) - n)*-5 is divided by 17/2 - 2/4?
6
Suppose 26 + 26 = 2*x. What is the remainder when x is divided by 7?
5
Let f be 1/1 + -1 - -2. Let z be -1 - (-2 - f - -1). What is the remainder when 21 is divided by z + -1 - 10*-1?
10
Let n(h) = -h**2 - 5*h + 9. Let d be n(10). Suppose -5*t + 5 + 0 = 0. Calculate the remainder when d/(-3) + (1 - t) is divided by 16.
15
Suppose s - 9*j - 36 = -13*j, 0 = -s - 3*j + 37. Calculate the remainder when s is divided by 7.
5
Suppose -5*h = -5*o + 88 - 23, h - 57 = -4*o. Calculate the remainder when (2/(1 - -1))/((-2)/(-106)) is divided by o.
11
Suppose -s = 60 - 141. Suppose 0 = 4*o + s - 509. What is the remainder when o is divided by 22?
19
Suppose 5*t - 3*t = -b + 79, -2*b = t - 35. What is the remainder when t is divided by 21?
20
Let l(q) = q**3 + 6*q**2 + 5*q - 3. Let u be l(-5). Let x = u + 38. Calculate the remainder when x is divided by 18.
17
Let x(s) = 14*s - 10. Calculate the remainder when x(12) is divided by 32.
30
Let i = -15 + 5. Let v(d) be the third derivative of -d**4/12 + 11*d**3/6 + 36*d**2. Calculate the remainder when v(i) is divided by 16.
15
Let v = -10 + -10. Let a = -9 - v. What is the remainder when 28 is divided by a?
6
Let g = -32 + 47. What is the remainder when 58 is divided by g?
13
Suppose -16*j + 48 = -12*j. What is the remainder when 20 is divided by j?
8
Suppose 3*g - 4*p - 26 = 0, p = 5*g - 2*p - 25. Suppose -14 - g = -4*r - 5*m, -2*r - 5*m = -18. Let q = 17 - r. What is the remainder when q is divided by 10?
8
Let o(d) = d**3 - 14*d**2 + 13*d + 4. Calculate the remainder when 22 is divided by o(13).
2
Let l(g) = -g**3 + 7*g**2 - 3*g - 16. What is the remainder when 36 is divided by l(5)?
17
Suppose -d = 8 - 16. Calculate the remainder when 11 is divided by d.
3
Suppose -d - 4*t + 148 = 3*d, -5*d - 2*t = -197. What is the remainder when 79 is divided by d?
38
Let l = 3 + -5. Let j = 3 - l. Calculate the remainder when 0 - (-1 - -3) - -15 is divided by j.
3
Let g = 39 + 19. Suppose -19 + g = 3*z. What is the remainder when 25 is divided by z?
12
Suppose g = 5*g - i - 129, 3*g + 4*i - 111 = 0. Suppose 5*h - 55 = -t - t, 3*h + 5*t = g. Calculate the remainder when h is divided by 7.
4
What is the remainder when (-3 + 65)*(1/2 - 0) is divided by 17?
14
Let c(h) = 12*h**2 - 2 - 6*h**3 - 3*h + 5*h**3 + 4*h. Calculate the remainder when c(12) is divided by 6.
4
Suppose -5*p = -93 - 17. What is the remainder when p is divided by 8?
6
Suppose 0*j = -2*j + 5*p - 134, 4*p = 4*j + 280. Let q be 30/3*j/(-10). Suppose 3*g = q + 39. Calculate the remainder when g is divided by 13.
11
Suppose -13*u + 91 = -182. Let f = 232 + -136. Let c = f + -55. What is the remainder when c is divided by u?
20
Let p = 1 - -1. Let b = p + 1. Suppose b*d + 35 = 101. What is the remainder when d is divided by 12?
10
Suppose -2*q + 5*o + 20 = 0, -4*q + 3 + 37 = -5*o. Let s = -27 - -56. Calculate the remainder when s + (-4 - -2 - -2) is divided by q.
9
Suppose -81 - 14 = -g. Calculate the remainder when g is divided by 12.
11
Let a be 328/18 + 4/(-18). Let m = a + 7. What is the remainder when 48 is divided by m?
23
Suppose -26 = -2*k + 12. Let h = 1 - 1. What is the remainder when k is divided by (h + 5)*6/3?
9
Suppose k + 3 = h, 4*h + 6 = k + 21. Suppose -3*f - 20 = -5*v, -3*f - 19 = -6*v + 2*v. Calculate the remainder when v is divided by k.
0
Let h(r) be the second derivative of r**5/20 - 5*r**4/12 - 7*r**3/6 - 9*r**2/2 - r. What is the remainder when h(7) is divided by 14?
12
Let z(o) = -76*o + 1. What is the remainder when z(-1) is divided by 13?
12
Let m be (-1 - 1)*(-2)/4. Let r = 9 - m. What is the remainder when 15 is divided by r?
7
Suppose -n + 30 = -0*k - 5*k, 0 = 5*k + 5*n. Let w = 17 - k. What is the remainder when 87 is divided by w?
21
Let v(u) = 6*u - 2. Let y be v(7). Let h = 20 + -16. Calculate the remainder when (-4)/(-14) + y/7 is divided by h.
2
Let o be (-2)/8 + 2/8. Suppose o = 5*r, 4*v = -0*r - 3*r + 256. Let w = 641 + -619. Calculate the remainder when v is divided by w.
20
Let i(d) = 7*d - 2. Calculate the remainder when 39 is divided by i(1).
4
Let a be (-1758)/9 + (-2)/3. Suppose 17 = 3*y - 10. What is the remainder when a/(-8) - 2/(-4) is divided by y?
7
Suppose -149 - 57 = -2*l. What is the remainder when l is divided by 26?
25
What is the remainder when 5 is divided by (4 + -1)*1*1?
2
Suppose 14*u = 3406 - 1054. Calculate the remainder when u is divided by 10.
8
Let g be (0 + -1)/(3/126). Let i be (g/(-35))/(2/5). Suppose 2*v - 250 = -i*v. Calculate the remainder when v is divided by 17.
16
Let d(o) = 6*o - o - o + 8 - 3*o. Suppose 5*m + 30 = -0*m. What is the remainder when d(m) is divided by 2?
0
Let x = 7 + -2. Suppose 0 = -4*b - 2*h + 92, x*b + 3*h - 125 = -2*h. Calculate the remainder when b is divided by 8.
5
Let s = 149 - 138. Calculate the remainder when s is divided by 5.
1
Let f = 129 + -125. What is the remainder when 23 is divided by f?
3
Suppose 0 = -2*o + 5*q + 19 + 16, 5 = -4*o - 5*q. What is the remainder when 18 is divided by o?
3
Let y(f) = -8*f - 9. Let z = 64 - 44. What is the remainder when y(-6) is divided by z?
19
Let y(f) = 6*f**2 + f. Suppose -m = 3*m - 96. Let w = m + -5. Calculate the remainder when w is divided by y(1).
5
Suppose 5*k + 45 = b, k = -2*k - 15. Let r = 37 - -1. Calculate the remainder when r is divided by b.
18
Let w = 12 + -4. What is the remainder when 21 is divided by w?
5
Suppose 0 = -5*f - 4*b + b + 12, 5*f + 4*b - 11 = 0. Suppose -4*r + f*l = -42, -3*l + 3 = -r + 2*r. Calculate the remainder when (-4)/2 - -9*2 is divided by r.
7
Suppose -8 = -5*l - f + 20, 2*f = 4*l - 28. Let o(c) = c**2 - 15*c + 5. Let v be o(l). Let w = -30 - v. What is the remainder when w is divided by 7?
5
Let t(h) = -h**2 - 9*h + 4. Let n be 2/((-2)/18*2). Let q be t(n). What is the remainder when 33 is divided by (q - 1)/((-4)/(-16))?
9
Suppose -1824 = -15*h - 639. Calculate the remainder when h is divided by 40.
39
Suppose 5*d - 84 = 3*d. What is the remainder when d is divided by (-246)/(-22) + 2/(-11)?
9
Suppose 8 - 4 = 2*u. Suppose u*o = -5*v + 2 + 12, -v - 5*o = -12. Suppose 5 = -v*w + 63. Calculate the remainder when w is divided by 10.
9
Suppose 179 = 5*p + 3*v, 0 = v + 2. What is the remainder when 219 is divided by p?
34
Suppose 5*l - l = -36. Let b = 15 + l. Calculate the remainder when 22 is divided by b.
4
Let h = 58 - 42. What is the remainder when 30 is divided by h?
14
Let m(u) = u + 3. Let f be m(0). What is the remainder when (f + 0)*80/6 is divided by 14?
12
Suppose 0*z - 3*z = -9. Suppose 0 = -n + 15 - 6. Suppose -3*p + n = -12. Calculate the remainder when p is divided by z.
1
Suppose 127 + 44 = 3*g. Let v = g - 22. What is the remainder when v is divided by 18?
17
Suppose -3*p - 2*p + 335 = 0. Suppose 0 = -4*c + 3*k + 41, 2*c + k - 23 = 2*k. Calculate the remainder when p is divided by c.
11
Suppose 3*r - 471 = 3*c, 3 + 9 = -3*c. Suppose 5*b = -s + 61, 3*b - 90 - r = -3*s. Suppose 0 = 4*j - s - 38. What is the remainder when j is divided by 11?
9
Suppose 77 + 7 = 3*i. Suppose -k = k + 20. Let m = 20 + k. Calculate the remainder when i is divided by m.
8
Let b be (-10)/(-25) - (-249)/15. Calculate the remainder when 31 is divided by (-6)/3 + b + -4.
9
Suppose 5*n = 2 + 33. Let m = -10 - -21. Let w = m - n. Calculate the remainder when w is divided by 3.
1
Let p = -9 + 28. Suppose -3*h = -4*m + 18, 3*m - 5*h - p = -0*h. Let u = -1 + m. Calculate the remainder when u is divided by 1.
0
Suppose 2*o = -0*o + 4. What is the remainder when 32 is divided by -1 + (12 + 2 - o)?
10
Let s be -1 - 8/(3 + -4). Let u = s + 2. Calculate the remainder when 34 is divided by u.
7
Let c(h) = 12*h + 1. Let j(w) = w**2 + 2*w. Let p be j(-3). What is the remainder when c(p) is divided by 19?
18
Suppose -5*u = 1 + 9. Calculate the remainder when 7 is divided by ((-1 - u) + 3)*1.
3
Let v = 14 - -3. Suppose 8 = -3*w + v. Let q(y) = y + 13. What is the remainder when q(-8) is divided by w?
2
Suppose 4*m - 20 = -2*z, 5*m - z - 7 = 11. Suppose 16 = 